 r?
4
Let j = 44 + -32. Calculate the greatest common divisor of j and 24.
12
Let n be ((-45)/60)/((-1)/16). What is the highest common divisor of n and 16?
4
Let k(j) = 17*j - 10. Let z be k(5). Calculate the highest common factor of z and 50.
25
Suppose 0 = -10*z + 6*z + 264. What is the greatest common divisor of z and 11?
11
Suppose -3*u = 5*m - 134, -6*m = -5*u - 2*m + 248. Let a = 16 + u. Let x(y) = -y**2 + 11*y - 10. Let b be x(9). What is the highest common divisor of a and b?
8
Let s(o) = -o - 1. Let w = 23 + -27. Let r be s(w). Calculate the highest common factor of r and 21.
3
Let z(j) = -j**3 - 2*j**2 - j + 4. Let r be z(-4). Calculate the greatest common divisor of 8 and r.
8
Let k = -94 - -86. Let b = -35 + 17. Let r = k - b. What is the highest common divisor of 110 and r?
10
Let x(t) = -t**2 - 6*t + 3. Let j be x(-6). Suppose -j*a + 37 = 5*y, 0 = 5*y - 3*y - 4*a - 20. Calculate the greatest common divisor of 56 and y.
8
Let a(m) = -m - 2. Let w be a(-3). Let s(d) = 0*d - w + 0*d + d**2 + 2*d. Let o be s(-3). Calculate the highest common divisor of o and 16.
2
Let p = 65 + -26. What is the highest common factor of p and 26?
13
Let v(g) = 2*g - 1. Let k be v(1). Suppose -7*z + 4 = -3*z. Let d be k + 13 + -2 + z. Calculate the greatest common divisor of 117 and d.
13
Let m(z) = -z**3 + 2*z**2 - z - 1. Let t be m(-2). Suppose -4*d + t = 1. Calculate the highest common factor of d and 6.
2
Let b be (-2)/(16/(-6) - -2). Suppose -2*n - b = -23. Let g = 6 - 1. Calculate the highest common factor of n and g.
5
Suppose -6*r + 2*r + 96 = 0. Let i(k) = 3*k**2 - 2*k + 1. Let z be i(2). Suppose -5*u + z = -6. Calculate the highest common factor of u and r.
3
Suppose 0 = -5*n - 2*s - 7, -4*n - 7*s + 3*s = -4. Let p be (5/n)/(6/(-36)). Let q be 1602/p - (-6)/(-30). Calculate the greatest common divisor of 20 and q.
20
Let o = -57 + 91. Let a = -17 + o. What is the greatest common factor of a and 68?
17
Let v be (-131 - 1)*(-25)/15. What is the greatest common divisor of v and 20?
20
Suppose -4*s + 475 = s. What is the greatest common factor of s and 19?
19
Let o(x) = 10*x + 1. Let f be o(2). Suppose 6*b + 2*p = b + 115, -b + 16 = -p. What is the highest common factor of b and f?
21
Suppose 2*o + 2*o = 20. Suppose 0 = -y - 0*y + 5. Calculate the greatest common factor of y and o.
5
Let i be -10 + 13 - (-2 - -2). Suppose -2*c = -p - i*c + 142, c + 722 = 5*p. What is the greatest common divisor of 18 and p?
18
Let i(q) = -q + 28. Let n be i(-12). Calculate the greatest common factor of n and 70.
10
Let f be 3 + (44 - 9/3). Suppose -4*w - 4*d = -32, -d + 12 = 4*w - 2*d. Calculate the greatest common factor of w and f.
4
Let s = 66 - 12. Calculate the greatest common factor of 36 and s.
18
Let d = 27 + -22. Suppose 0 = 4*t - 16, t + 4*t - 95 = -d*u. Suppose -9 = -3*h - 0. Calculate the greatest common factor of h and u.
3
Suppose 0 = 5*j - 4*j - 2*m - 4, 5*m = -j + 4. Let t = 50 + -30. What is the highest common factor of j and t?
4
Let f be (-69)/(-46) - 2/(-4). Let y = -2 + 4. Calculate the greatest common factor of f and y.
2
Suppose 2*b + 14 = 3*x, x - 4*b + 0*b = 8. Suppose -x*t = 4*i - 224, -3*i + 168 = 3*t - 2*i. What is the highest common factor of t and 8?
8
Let k be 4/(40/(-15))*-20. Calculate the greatest common factor of k and 45.
15
Suppose -5*c + 4*t - 3 = -4*c, c + 5*t - 6 = 0. Calculate the greatest common factor of 11 and c.
1
Let q(d) be the second derivative of d**4 + d**3/3 + d**2/2 + 2*d. Let m be q(-1). Suppose -1 + 0 = -r. Calculate the greatest common factor of m and r.
1
Let o(g) = -g**3 + 5*g**2 - 3*g - 2. Let r be o(4). Calculate the highest common divisor of r and 16.
2
Let t(r) = -r + 11. Let y be t(8). Let i be (2/5)/(y/495). What is the highest common divisor of 6 and i?
6
Let h(r) = 9*r + 1. Let z be h(1). Let b = 3 - 0. Suppose -4*w + 19 = b. Calculate the highest common factor of w and z.
2
Suppose -9*v = -49 - 347. What is the highest common factor of 11 and v?
11
Let f be -3 - 9/6*-6. Suppose -198 - 96 = -7*g. Calculate the highest common factor of g and f.
6
Suppose -13 = -x - 6. Calculate the greatest common factor of 7 and x.
7
Suppose -5*g + 31 - 4 = -3*s, -5*s = -g + 1. Calculate the greatest common factor of 2 and g.
2
Suppose 2*c + c - 66 = 0. Calculate the greatest common factor of 55 and c.
11
Suppose -6*a = -4*a - 128. What is the greatest common factor of a and 8?
8
Let v be 4/(-14) - 22720/56. Let o = v - -586. What is the greatest common divisor of o and 20?
20
Suppose -w - 1 - 8 = 3*z, -4*w + 5*z = -32. Let v = 39 + -24. What is the highest common divisor of v and w?
3
Suppose -h = -5*p - 46, -4*p = 3*h - 0*h - 100. What is the highest common factor of 9 and h?
9
Suppose -5*p + 193 + 432 = 0. Suppose 0 = 3*j - 368 + p. Calculate the highest common divisor of 27 and j.
27
Suppose 39 + 15 = 2*q. Let f be 2/(-6) - (-1062)/q. Let d = 8 - -18. What is the highest common factor of f and d?
13
Suppose 3*l + 3*t - 2*t = 52, 0 = -4*t + 4. Let o = l + -4. Calculate the highest common factor of o and 13.
13
Let x = 38 + -34. What is the highest common factor of 28 and x?
4
Let w = 2 - 0. Suppose -w*g - 22 = -2*m, -3*m + 21 = -0*g + 3*g. What is the highest common factor of m and 3?
3
Let s = -47 + 52. Calculate the greatest common divisor of 40 and s.
5
Let b = 200 - 198. Let s(i) = i**2 + 4*i + 5. Let n be s(-5). Calculate the highest common factor of b and n.
2
Suppose 5*g + 18 = h + g, 0 = h + 3*g - 11. What is the greatest common factor of h and 42?
14
Suppose -195 = -5*f + s, -3*s - 195 = -5*f - 0. What is the highest common divisor of 156 and f?
39
Let a(o) = -o**3 + 8*o**2 + 23*o - 21. Let n be a(10). Suppose 4*u = 5*d - d - 288, -4*d = 4*u - 288. What is the greatest common factor of d and n?
9
Suppose 2*w - l - 135 = 0, -2*l - l = -4*w + 269. Let o(u) = u**3 - 2*u**2 - 5*u + 5. Let n be o(4). What is the greatest common divisor of w and n?
17
Suppose 2*y = 3*g + 15, 5*y - 21 = 3*y - 3*g. Let h = 16 - y. Let f(q) = 4*q - 10. Let w be f(h). What is the highest common factor of 9 and w?
9
Let j = 8 + -8. Let c be (-11)/(-1) - (j - -1). What is the highest common divisor of c and 70?
10
Suppose -w + 49 = -5*o, -2*w + 4*o + 58 = -10. What is the highest common divisor of w and 8?
8
Let z = 16 - 10. What is the highest common divisor of 15 and z?
3
Suppose 0 = -4*w + h - 0*h + 37, 0 = 2*w - 4*h - 36. Let b = 12 - w. What is the greatest common factor of 20 and b?
4
Let k be 12 + -12 + -20 + 0. Let r = k - -22. Suppose -5*f + 64 = -46. What is the greatest common factor of f and r?
2
Suppose 5*t - 2 = 23. Let h = t - 0. What is the highest common factor of 15 and h?
5
Let j be -4*(-1 - (-10)/(-8)). Let x be 4/(-6) + 294/j. Suppose -4*f = -7*f + 24. Calculate the greatest common divisor of f and x.
8
Let p be 0 - -7 - (2 - 1). Let c be ((-6)/(-8))/((-1)/(-80)). Calculate the greatest common divisor of p and c.
6
Let x be 2 - 4*3/6. Let f = x - -16. Let k be (f/(-2))/(-1 + 0). Calculate the greatest common factor of k and 20.
4
Let c be ((-4)/2)/((-4)/6). Suppose 2*k - 3 = 3*s, -8*k + 4*k + 4*s + 4 = 0. Suppose -7*p + 3*p + 60 = k. Calculate the highest common factor of p and c.
3
Suppose -23 = -3*f - 4*t + 45, 4*t = 20. What is the greatest common factor of f and 16?
16
Let y = -73 - -142. What is the highest common divisor of y and 23?
23
Let v = 43 - 15. Let m(r) = 7*r**2 + r - 6. Let p be m(6). What is the greatest common divisor of v and p?
28
Suppose 3 = -2*f - 1. Let r = 9 - f. What is the greatest common factor of 44 and r?
11
Let x = 86 - -26. Let s(d) be the first derivative of -d**4/2 + d**2 + 2*d + 4. Let o be s(-2). What is the greatest common divisor of x and o?
14
Let f = 8 - 10. Let x be (-5)/(-10) + f/(-4). What is the greatest common factor of x and 7?
1
Let k be (15/3)/(2/2). Calculate the highest common factor of k and 5.
5
Suppose -168 = -24*g + 20*g. What is the highest common divisor of g and 6?
6
Suppose f - 5*r = -2*f + 504, f + 4*r = 185. Suppose -399 = -4*i + f. Let q be 26/(-6)*(-3)/1. What is the highest common divisor of i and q?
13
Suppose 573 + 141 = 6*i. What is the highest common factor of 34 and i?
17
Suppose -4*f = -4, -3*f - 2*f = -4*m + 71. Calculate the highest commo